11. What are the prime factors of l?
2, 17
Suppose 3*p - 4*p - 9 = 0. Let o = -7 - p. List the prime factors of o.
2
Let b = -1 - 3. Let r(p) = -5*p**3 + 2*p**2 - 13*p - 11. Let o(q) = 9*q**3 - 4*q**2 + 25*q + 21. Let h(g) = 6*o(g) + 11*r(g). List the prime factors of h(b).
3
Let c be (2/4)/(3/30). Suppose -4*b - 2*w = -42, 0 = 4*b + c*w - 37 - 20. List the prime factors of b.
2
Let h(p) = -10*p - 2 + 10 + p**2 + 6 - 2*p. What are the prime factors of h(13)?
3
Let v = 105 - 57. Suppose -5*n = -2*n - v. What are the prime factors of n?
2
Suppose 0*h + 2*h - 182 = -p, -97 = -h - 2*p. What are the prime factors of h?
89
Suppose 2*g = 2*d - 12, -36 = -d - 3*d + g. Let w(n) = n + 6. Let z be w(-6). Suppose a - d = -z*a. What are the prime factors of a?
2, 5
Let h(f) = -f**3 - 6*f**2 - 2*f - 8. Let n be h(-6). Suppose 5*d - 399 = -3*u - 150, 0 = -n*d + u + 189. Suppose 3*l - 7*l = -d. List the prime factors of l.
2, 3
Suppose 330 = 5*b - 0*b. List the prime factors of (-193)/(-6) - 11/b.
2
List the prime factors of (-1144)/(-56) + (-6)/14.
2, 5
Let t = -83 + 174. What are the prime factors of t?
7, 13
Let p(l) be the first derivative of -4*l + 1/3*l**3 + l**2 + 1. What are the prime factors of p(-4)?
2
Let v(o) = 4*o**2 - 10*o + 40. List the prime factors of v(6).
2, 31
Suppose 0 = -v - 4*j + 69, -2*v + 182 = -j - 2*j. Suppose v = -0*l + 5*l. What are the prime factors of l?
17
Let x(n) = 6*n - 27. List the prime factors of x(12).
3, 5
Suppose -39 - 235 = -i. What are the prime factors of i?
2, 137
Let c(g) = -7*g - 9. Let j(b) = 6*b + 8. Let a(o) = -5*c(o) - 6*j(o). Let q be a(5). Let m(u) = u**2 + 6*u - 9. List the prime factors of m(q).
7
What are the prime factors of (8/10)/((-16)/(-3480)) - 1?
173
Let v be (-1)/(-3*(-1)/9). What are the prime factors of 1*13 - v/(-3)?
2, 3
Suppose -4*t + 0*t = -a - 160, -8 = 2*a. Suppose -2*s - t = -5*s. What are the prime factors of s?
13
Suppose -4*f + 20 = 4. Suppose -4*k + 2*u + 21 = -3*k, -f = u. What are the prime factors of k?
13
Suppose 0 = 3*l - 3 - 3. Suppose j - 56 - 1 = -l*g, -5*j = -25. Let y = -5 + g. List the prime factors of y.
3, 7
What are the prime factors of 1207/5 - 24/60?
241
Let d(b) = -b**2 - 3*b + 4. Let i be d(-3). Let n = i - -3. List the prime factors of n.
7
Suppose 8 = -5*k - 22. Let g = k - -8. Suppose 2*j = 4 + g. List the prime factors of j.
3
Let j = 26 + -18. Let g(d) = d**3 - 6*d**2 - 13*d + 9. What are the prime factors of g(j)?
3, 11
Let r(y) = 22*y + 3. Let p be r(-3). Let w be 1 - (3 + -3) - 46. Let n = w - p. What are the prime factors of n?
2, 3
List the prime factors of -17*(-2)/10*5.
17
Let a(b) = 6*b - 4*b + 0 + 1. What are the prime factors of a(7)?
3, 5
Let i be (-6)/15 + (-24)/(-10). Suppose 3*v = i*v. Suppose v*b = -4*b + 16. List the prime factors of b.
2
Suppose -g - 3*b + 7 + 3 = 0, -2*g - 2*b + 8 = 0. Suppose -4*j + 3*j = g. Let m(p) = -8*p**3 + p**2. What are the prime factors of m(j)?
3
Suppose 0 = -b + 6*b. Let s = 5 + -2. Suppose b = -z + 4, 0 = 2*l - s*z - 4 - 0. What are the prime factors of l?
2
Suppose 68 = -4*r + 176. Let f = 38 - r. List the prime factors of f.
11
Let i(z) = 53*z**2 - z - 1. List the prime factors of i(2).
11, 19
Let m(j) be the second derivative of j**3/6 + j**2/2 - 3*j. What are the prime factors of m(5)?
2, 3
Let h(c) = -6*c**2 + c + 1. Let p be h(-1). Let w(g) = -4 - 5*g**2 + 4*g**2 - 5 - 8*g. What are the prime factors of w(p)?
3
Suppose 2*x + 7*y - 4*y - 138 = 0, 5*x + y - 319 = 0. List the prime factors of x.
3, 7
Suppose -5*q + 68 = -2*h, q + 5*h + 56 = 4*q. Let b be ((-110)/4)/(-5)*q. Suppose -b = 3*c - 6*c. List the prime factors of c.
2, 11
Let h(o) = o**2 - 7*o + 6. Let l be h(6). Suppose -2*j + 3*j = l. Suppose -4*a + 0*a + 20 = j. List the prime factors of a.
5
Let r = 538 - 324. List the prime factors of r.
2, 107
Let g be (1 - -1) + (1 - -1). Suppose 5*p = -2*a + 20, 0*p - a = g*p - 13. What are the prime factors of p?
2
Let f be (-2)/((-9)/(-6) + -2). Suppose -f*u = y - 10, -y = u + 4*u - 12. Suppose -36 = -5*v - u*h, h = -v + 2*v - 3. List the prime factors of v.
2, 3
Let p(h) = -h**3 - 7*h**2 - 11*h - 7. List the prime factors of p(-6).
23
Let z(o) = -o**3 + 4*o**2 + 31*o - 5. List the prime factors of z(-7).
317
Suppose -s = 2*k - 354, -5*s + 1748 = -0*s - k. What are the prime factors of s?
2, 5, 7
Let b = -23 - -41. Suppose 0 = 4*i - b - 18. Suppose -i = 5*k - 74. What are the prime factors of k?
13
Let j = -32 - -53. List the prime factors of j.
3, 7
Suppose 0 = z - 3*t - 23, 0 = -9*z + 4*z - t + 179. List the prime factors of z.
5, 7
Suppose -4*r + 400 = 2*t, 4*r - 296 = -3*t + 104. What are the prime factors of r?
2, 5
Suppose -6 = 3*n, 30 = -4*s - 3*n + 180. What are the prime factors of s?
3, 13
Suppose -3 = -2*v + v. Suppose 3*k - 4*k - 5 = 0, d = -4*k - 16. Suppose -w + 4 - 30 = -v*t, -d*t = -3*w - 33. What are the prime factors of t?
3
Let j(k) = 4*k**3 + 5*k**2 - 4*k. Let q(s) = s**3 + s**2 - s. Let l(p) = j(p) - 2*q(p). List the prime factors of l(2).
2, 3
Let r(c) be the first derivative of 5*c**2 + c + 4 + 0*c**2 + c - 2*c**2. What are the prime factors of r(2)?
2, 7
Let q be (-1)/4 - (-169)/4. List the prime factors of 18/(-4)*(-28)/q.
3
Suppose 0*k = 5*k - 95. Suppose -2*f + k = 3*l, 4*f = -0*f + l + 45. What are the prime factors of f?
11
Suppose 3*g + 2*q - 11 = 0, -5*q - 3 = 4*g - 13. What are the prime factors of g?
5
Suppose 2*n = -13 + 53. List the prime factors of n.
2, 5
Let m be 2/(-12) - 38/(-12). Let a be (2 - m)*1 + 18. Let u = -1 + a. What are the prime factors of u?
2
Let l(a) = a**2 + 5*a - 9. List the prime factors of l(4).
3
Let d(u) be the first derivative of -9*u**4/2 - u**3/3 + u**2/2 - u - 1. Let h be d(1). Let j = 35 + h. What are the prime factors of j?
2
Suppose 0 = m + 3*k - 17, -4*m + 4*k = -m + 1. Suppose m*g - 3 = 27. What are the prime factors of (-4)/(-6) + 14/g?
3
Suppose 2*o = j + 5, 4*o - 5*o + 5*j = 11. Suppose u + 3*u = -o. List the prime factors of (u + -2)/(-3) + 4.
5
Suppose 2*q = 5*q - 6. Suppose -2*m + q + 16 = 0. Let i = m - 3. What are the prime factors of i?
2, 3
List the prime factors of ((-4)/(4/(-101)))/(1/1).
101
Suppose -a + 22 + 54 = 0. What are the prime factors of a?
2, 19
Let t = -13 + 88. What are the prime factors of t?
3, 5
Suppose 0 = 5*q - 0*q - 75. List the prime factors of q.
3, 5
Let o = -173 + 272. Suppose 3*m = -3*q + o, 1 = 2*q - 9. What are the prime factors of m?
2, 7
Let y = -11 - 89. Let u = -55 - y. List the prime factors of u.
3, 5
Suppose 0*l - 8 = 2*l - 3*u, 3*l + 12 = -5*u. Let b(w) = w**3 - w**2 - w + 12. Let i be b(0). Let v = i + l. List the prime factors of v.
2
Let u(a) = -a**2 + 3*a + 3. Suppose 0 = -b - 2 + 6. Let h be u(b). What are the prime factors of ((-8)/(3/3))/h?
2
Let o(s) = s**3 - 5*s**2 + 4*s + 4. Suppose -4*x + 2*n = -18, -2*x - 4*n - 8 = -3*x. Let m be o(x). Let j = m + -1. What are the prime factors of j?
3
Let z(t) = 13*t + 1. Let i be z(1). Suppose -4*l = 3*c, 4*c = -2 - i. Suppose 0 = r + l*r - 48. What are the prime factors of r?
2, 3
Let f be (2 + 10/(-6))*6. Suppose f + 2 = 2*x. List the prime factors of (8/(-6))/(x/(-3)).
2
Let f = -14 - -36. Suppose 0 = -q - q + f. What are the prime factors of q?
11
What are the prime factors of 1677/21 - (-3)/21?
2, 5
Let i = 28 + -19. Suppose 0 = 4*g - i*g - 65. Let j = g - -32. List the prime factors of j.
19
Let t(f) = -2*f + 16. List the prime factors of t(-11).
2, 19
Suppose -4*k = -4*i - 84, 4*k - 90 = 2*i - 0*i. What are the prime factors of k?
2, 3
Let z = -148 - -213. Suppose -3*l + 25 = 4*j, -4*j + z = -0*l - 5*l. List the prime factors of j.
2, 5
Suppose 3*o - 21 = -6. Suppose 0 = o*i + 21 - 61. Suppose 0 = -l - 2*t + i, 4 + 34 = l - 4*t. What are the prime factors of l?
2, 3
Suppose -4*m + 14 = 3*u, -12 = -3*m + 4*u + 11. Let s(v) = 6*v**2 - v**3 - 4 + 1 + 2*v**2 - m*v. List the prime factors of s(7).
11
Suppose -3*u - 4*v = -22, 4*v + 0*v - 10 = 3*u. What are the prime factors of 0/u + 2*25?
2, 5
Let i = 9 - -33. List the prime factors of i.
2, 3, 7
Suppose 4*z - 2*k - 164 = 0, -2*k = -5*z - 62 + 265. List the prime factors of z.
3, 13
Let y = -122 - -291. List the prime factors of y.
13
Suppose -1134 = -29*z + 22*z. List the prime factors of z.
